What is the value of (-4 - -7) + 1 + -10?
-6
Calculate (2 - 0) + 5 + (3 - 10).
0
What is (-6 - (8 + -24)) + 1 + -8?
3
Evaluate (-1 - -2) + 2 + -8 + 6.
1
What is the value of 0 - (-1 - (-2 + 4))?
3
What is 8 + -6 - 6 - -3?
-1
(4 - (13 - -2)) + 2
-9
Evaluate -10 - (5 + -7 - 3).
-5
What is the value of -7 + (22 - 6) + (-3 - -2)?
8
What is -4 + (-2 - (4 + -11 + 3))?
-2
Evaluate 4 + 1 + 4 + -4 + 0.
5
What is the value of (4 - 9) + (-1 - (2 + -14))?
6
(-1 - 9) + (-9 - -18)
-1
What is 3 - (-1 - (2 + -7) - -3)?
-4
Calculate 14 - (-4 + 11) - 2 - -2.
7
What is the value of 3 + -6 + -2 + 6?
1
What is -3 - 1 - (9 + -22 + 11)?
-2
Evaluate (-3 - (-4 + 4 + -4)) + -5.
-4
What is -4 - (-4 - (5 + -8))?
-3
1 - (-2 + 8 - 2)
-3
What is 9 + 2 + -8 - 3?
0
What is -4 - -1 - (-3 + (1 - -3))?
-4
5 - 8 - (0 + -2)
-1
Calculate -7 - (-8 - -4) - (-2 - -3).
-4
Calculate 4 + 0 + 1 + -2.
3
What is 12 - (-5 - -9) - 3?
5
What is -10 - 2 - ((-11 - -10) + -5)?
-6
Evaluate -2 + 3 + (0 - -10) + -6.
5
What is the value of -4 - (-6 + 3 - 0)?
-1
Calculate 2 + -4 + (3 - -3) - 3.
1
Calculate -1 - (2 + 0 - 2 - 3).
2
What is -2 - 1 - (1 - -1)?
-5
Calculate 1 + -3 + 1 - -4.
3
What is the value of -3 - -1 - -6 - (-2 - -1)?
5
What is the value of 3 + (-4 - (4 + (-3 - 1)))?
-1
Evaluate (-1 - 0) + -10 + (14 - 8).
-5
Calculate -2 + 0 + 4 + 2.
4
Calculate (2 - 2) + (12 - 14).
-2
What is the value of (-3 - (4 - -1)) + 5 + -3?
-6
(2 - 14) + 0 + 6
-6
Calculate 0 + (0 - 9) + 8.
-1
Evaluate 9 - (2 + 6) - 2.
-1
Evaluate (-19 - -15) + (10 - 2).
4
Calculate 5 - (2 - -2) - 6.
-5
What is 3 + 0 + 3 - (-3 - -10)?
-1
Calculate -1 + (7 - -1) + 8 + -11.
4
What is the value of -5 + (-6 - (0 + -4)) + 5?
-2
0 - -6 - (8 + -7)
5
What is the value of (-3 + -2 - -9) + 0?
4
Evaluate 1 + (-7 - -14) - (3 - 0).
5
Calculate 1 + 2 + -2 + (-7 - -2).
-4
Calculate 6 + -3 + -8 + 4.
-1
What is 4 - ((0 - -3) + -12 + 15)?
-2
-11 + -7 + 18 + -3
-3
1 - (-3 + 9 - 0)
-5
What is 7 + -1 + -13 + (0 - -11)?
4
What is -6 - -12 - (14 - 4)?
-4
9 - (18 - 3 - 6) - 2
-2
7 - (3 + (11 - 4))
-3
Calculate 105 + -96 - (3 - 0).
6
Calculate -3 - 1 - (4 - 7).
-1
Calculate 1 + (1 + -3 - (-5 - -3)).
1
What is the value of 1 - -5 - (-10 - -9)?
7
What is -5 - (0 + 1 + 3 + -3)?
-6
What is -9 - -2 - (-2 + 0)?
-5
Evaluate 9 + -12 + -7 - -4.
-6
-76 + 78 + 1 + -2 + 2
3
Evaluate (1 + -5 - -4) + 1.
1
What is (4 - ((0 - 2) + 2)) + -7?
-3
What is (7 - (1 - 1)) + 5 + -9?
3
Evaluate (0 + -3 - -3) + -2.
-2
What is the value of 1 - (-5 - ((-2 - 1) + -5))?
-2
0 - (-2 + 2 + (-1 - 0))
1
What is the value of 1 + 1 - 3 - (43 + -41)?
-3
Calculate 4 + (1 - 4) + 2.
3
Calculate 0 + (-9 + 2 - -4) + 2.
-1
What is 3 - ((9 - 12) + (1 - -1))?
4
Calculate 1 + 2 - (60 + -60).
3
Evaluate -2 - (3 + (-2 - 8) - -5).
0
What is the value of 1 + 3 + -1 + -4 + 5?
4
Calculate -11 + (-7 - -13) - -4.
-1
-5 + -3 + (10 - 4) - -3
1
Evaluate 2 + (0 - -1) + 1 + -4.
0
Calculate 0 + 5 + -5 + 3.
3
Calculate -2 - (0 + 11 + -8).
-5
-19 - -5 - (-16 + -3)
5
-19 - -24 - (8 - -2)
-5
11 + -13 + 4 - -9
11
Evaluate 3 - -1 - ((-3 - -1) + 1).
5
(-3 - -2) + -2 + (35 - 30)
2
Evaluate (10 - 2 - 2) + 2.
8
What is the value of -11 + (4 - -2) + 12?
7
Evaluate -8 - (-14 - (-8 + 1)).
-1
Calculate (1 - 4 - (-4 + 4)) + 0.
-3
Calculate (1 - -2) + (1 - 5).
-1
Calculate 2 - 2 - -1 - 1.
0
Calculate 14 + -17 + (1 - -5) - 7.
-4
Evaluate 7 - 1 - (36 + -25).
-5
What is the value of 9 + (0 - (-8 - -10))?
7
What is (-7 - -9) + (-1 - (5 + 2))?
-6
1 + 4 - (57 + -54)
2
Calculate -11 - (-14 - 4 - -14).
-7
Calculate -6 + 4 + -4 - -7.
1
Calculate 1 - (-3 + (-1 - 0)).
5
9 - (-4 - -2 - -6)
5
Evaluate 4 + 0 + (0 - -1 - 2).
3
What is the value of -6 + (2 - (7 - 11)) + -3?
-3
What is the value of (-2 - 1) + (8 - 5) + 3?
3
Calculate (1 - -1 - -3) + (0 - -2).
7
Calculate -1 - ((-2 - 11) + 6 - -12).
-6
Calculate 8 - ((-2 - -12) + 1).
-3
-1 + 2 - (0 - -3)
-2
What is the value of 9 - 6 - 4 - 7?
-8
Evaluate -4 + 8 - 7 - -5.
2
Evaluate 2 - (-4 - (-3 + 4 + -4)).
3
Evaluate 0 + -2 - (2 + -2 + -5).
3
Evaluate -4 - 0 - -10 - 1.
5
Evaluate 1 - 0 - (-14 + 19).
-4
What is -1 + 3 + (-11 - -11)?
2
What is the value of 8 + (7 - 1) + -4?
10
What is the value of (17 - (16 + -7)) + -10?
-2
2 - (7 - 5 - -1)
-1
Calculate 4 + -1 + (3 + -14 - -5).
-3
Evaluate 2 + (-1 - (-5 - -2) - 2).
2
What is the value of 11 + -5 + (8 - 17)?
-3
Calculate 28 + -6 + (-22 - -10).
10
Calculate 2 - -1 - ((-4 - -10) + -3).
0
Evaluate -1 - (-4 + 3) - 2 - 2.
-4
What is 18 - (-11 - (-9 + -12))?
8
What is 6 - ((0 - 3) + 4 + 4)?
1
What is -6 + -3 + (-1 - -8)?
-2
Evaluate -16 - -2 - (46 - 56).
-4
2 + -2 + 3 - (-6 - -13)
-4
Evaluate (-9 - -12) + 13 + -8.
8
What is 1 + -6 + 0 + -1 + 2?
-4
What is the value of -4 + -4 + (-1 - -11)?
2
What is the value of (4 - 5) + (-5 - (-2 - 5))?
1
What is 0 + -1 + 1 - (41 - 37)?
-4
What is the value of (8 - 13) + 10 + -15?
-10
(1 - -9) + (4 - 8)
6
What is the value of (0 - 2) + (-5 - -3 - -4)?
0
What is (-7 - (-7 + 2)) + -4?
-6
Calculate -6 + -3 + -4 + 14.
1
What is -12 + 7 + -1 + -3 + 2?
-7
Calculate -5 - 2 - -6 - 3.
-4
Calculate 0 + -4 - (2 + -1) - -2.
-3
What is -6 + 1 + (5 - (-13 + 16))?
-3
Calculate 4 + -1 - -3 - 1.
5
What is -4 + 11 + 0 + -2?
5
2 - (12 + -1) - 0
-9
What is 3 + -2 + 0 - 0 - 3?
-2
11 - (7 + -4 + 5)
3
What is -5 - -4 - (-1 - 2)?
2
What is the value of 4 + -11 + 1 + 11?
5
Calculate -3 + (-14 + 9 - 3).
-11
What is -1 - ((2 - -1) + -9)?
5
4 - 9 - (4 + -13)
4
What is the value of (4 - 1) + -7 + 1?
-3
What is the value of -2 - (-4 + 1 + (3 - 5))?
3
What is 10 + (6 - (-1 - -11) - 0)?
6
Calculate 9 + -1 - (12 - -4).
-8
0 + 2 - (-15 - -20)
-3
Calculate -1 - -2 - (1 - -7 - 14).
7
Calculate 5 + -1 + 16 + -14 + 1.
7
-6 + 10 - (1 + 1)
2
(2 - -2 - 0) + -6
-2
7 - (-6 + (16 - 4 - 5))
6
What is the value of -1 + (-1 - 1) + -44 + 51?
4
Evaluate 6 + 0 + -5 + -5.
-4
Calculate (4 - -4) + -8 - -3.
3
(1 - 5 - -9) + -2
3
Evaluate -18 - -18 - (-5 - 0).
5
5 + 0 + -5 + -3 + 8
5
Evaluate 1 + (3 + 0 - 9) - -3.
-2
Calculate (0 - 6) + (1 - -3 - -1).
-1
What is the value of (7 - (16 - 2) - -4) + 4?
1
Calculate (10 - (-5 - -12)) + (1 - -1).
5
What is the value of (19 - 20) + -1 + 2?
0
What is 3 + (-4 - -2) + -1?
0
What is 7 + (7 - (12 + 7))?
-5
What is -11 + 26 + -5 + -8?
2
What is the value of -2 + 6 + -3 + -4 + -2?
-5
Evaluate 7 + (4 - 1 - (11 - 4)).
3
-6 + 7 + -7 + 5 + 8
7
Calculate (2 - 2) + -4 + 0 + 3.
-1
Calculate 14 + -16 + (-1 - 1).
-4
(0 - -5) + -6 + 2
1
What is 4 + -4 + 1 + -1?
0
What is the value of -2 + 3 + 5 - 9?
-3
Calculate -7 - (2 + -8) - -6.
5
Calculate (12 - (2 + 2)) + -5.
3
Evaluate (-6 - -21 - -2) + -6.
11
Calculate 2 + -2 + 0 - (15 + -11).
-4
Calculate -1 - -2 - ((1 - -10) + -1).
-9
What is the value of (14 - (4 + 0)) + -3 + -4?
3
What is the value of 8 - ((-8 - -3) + (-4 - -16))?
1
What is the value of (-12 - 10) + 13 - -18?
9
Calculate (3 - 8) + 5 + 3.
3
What is (0 - -4 - -2) + -2 + -2?
2
Calculate 1 + (23 - 14 - 0).
10
What is -11 - (3 + -7) - -5?
-2
What is the value of -4 + (1 - -2) - -3?
2
-4 + (8 - (-1 + 7))
-2
(-2 - 4) + 8 + -15 + 7
-6
What is 2 - (5 - (9 - (0 - -4)))?
2
Calculate 1 - -11 - (37 + -26).
1
Calculate 1 - (4 - (-3 - -3)).
-3
Calculate -140 + 146 + (1 - (0 - 0)).
7
-7 + 5 - (-4 + 2 + -5)
5
What is the value of 13 - 3 - (7 - -10)?
-7
Calculate 0 + 3 + (-3 - (4 - 5)).
1
-6 + (0 - -3 - -2)
-1
What is the value of 2 - 3 - (10 + -15)?
4
What is the value of -2 - 2 - (-71 - -68)?
-1
What is the value of -1 - (0 - (9 + -4))?
4
-52 + 44 + -1 + 1
-8
15 + -14 - (-2 + 3)
0
Calculate 5 + -5 - (2 + -2 + 2).
-2
Calculate 94 + -93 + 0 + -6.
-5
-4 - -17 - (3 + 1 + 3)
6
Evaluate 12 + -5 - (1 - -1).
5
What is 4 + 2 - (2 + 11 + -7)?
0
Calculate -1 + -3 - (-1 - (5 + -1)).
1
What is 13 - 7 - -1 - 11 - -5?
1
Evaluate (8 - -2) + (-12 - (1 + -10)).
7
Evaluate 2 + 2 + -2 + 3.
5
What is the value of (5 - 14) + 1 + 4?
-4
Calculate (8 - (-9 + 13)) + -6.
-2
-6 - (3 + 4 - 4)
-9
(0 - -1) + -22 + 22
1
(-3 - -1) + 0 - (2 - 1)
-3
What is the value of 2 - (-7 - -9) - -5?
5
What is 2 - (-9 + 9) - 6?
-4
-2 - (0 + -2) - -3
3
0 + 0 + -3 - (-1 + -7)
5
Calculate -6 + (10 - 7) - (-7 + 1).
3
What is (-8 - -3) + -5 + 4 + 1?
-5
Calculate -2 + 6 - (53 - 48).
-1
What is (6 - (-4 - 8)) + -13?
5
Calculate -4 + (-6 - (1 - 5)).
-6
What is the value of (-6 + 7 + 6 - -2) + -1?
8
